by r?
36
Suppose -4*b - x + 17 = -2*x, -5*b + 40 = -5*x. Suppose 5*r + 13 = -j + 2*r, b*r + 7 = -4*j. Calculate the remainder when 3 is divided by j.
1
Suppose 0 = 5*v + 5*q - 45, 99 - 89 = -5*q. What is the remainder when 141 is divided by v?
9
Let t = 1168 - 1064. What is the remainder when t is divided by 28?
20
Let x(q) = 31*q**2 + 3*q + 8. Calculate the remainder when x(3) is divided by 27.
26
Let k be 1/2*4/(-3)*99. Let n = 77 + k. What is the remainder when 30 is divided by n?
8
Suppose 3*k + 5*g = 21, 4*g + 28 = 4*k + 3*g. Suppose -k*q - 48 = -19*q. Calculate the remainder when 9 is divided by q.
1
Suppose 0 = 4*m + 3*z + 5, -3*m - 5 = -z + 15. Let h(g) = g**3 + 5*g**2 - g + 12. What is the remainder when 31 is divided by h(m)?
14
Suppose 39 = -8*v + 327. Calculate the remainder when 52 is divided by v.
16
Suppose -2*i - y - 737 = -7*i, -10 = 5*y. Calculate the remainder when i is divided by (74/8)/((-24)/(-96)).
36
Let o(d) = -d**2 - 8*d + 11. Let r be o(-9). Suppose -4*v + 116 = r*m - 2*v, 2*m + 5*v - 125 = 0. Calculate the remainder when m is divided by 19.
17
Suppose 28*c - 105 = 23*c. Suppose 14 + 0 = 2*a. Let m(s) = 6*s - 3. What is the remainder when m(a) is divided by c?
18
Let y(j) = -2*j**2 + 33*j + 69. Calculate the remainder when y(14) is divided by 43.
10
Let n = 13 + 80. Suppose -r + 3*w + n = -0*w, 3*r - 311 = w. What is the remainder when r is divided by 27?
24
Suppose 2*a - 40 - 36 = 0. Let d = a + -16. What is the remainder when 87 is divided by d?
21
Let h(f) = f**2 + 10*f + 10. Let r be h(-8). Let s(k) = -k**3 - 4*k**2 + 12*k + 7. What is the remainder when 48 is divided by s(r)?
6
Let q(m) = 6*m - 20. What is the remainder when q(10) is divided by 18?
4
Let n be 24/(4*12/128). Suppose n*o - 15 = 61*o. Let q(w) = -w**3 - w + 13. What is the remainder when q(0) is divided by o?
3
Let p = 12 - 21. Let r = p + 13. Suppose 495*b - 498*b = -5 - 1. Calculate the remainder when r is divided by b.
0
Let l(b) = -b + 3. Suppose -7 = 2*k - k. Let o be l(k). Suppose 3*q - 5 = p + 5, q = -3*p - o. What is the remainder when 7 is divided by q?
1
Let s = 18 - 14. Suppose s = 3*p - p. Suppose 5*b - 81 = -4*b. Calculate the remainder when b is divided by p.
1
Suppose m + n - 5 = 0, 4*m - n - 2 = 18. Let v(f) = -4*f + 4. Let u be v(1). Suppose u = 5*h - 15 - 0. What is the remainder when m is divided by h?
2
Let q = -354 - -396. What is the remainder when q is divided by 5?
2
Let m(s) = s**3 + 27*s**2 + 36*s - 15. Calculate the remainder when m(-25) is divided by 48.
47
Let h be -8 - (-6 + (0 - -3)). What is the remainder when (170/h)/((-4)/6) is divided by 28?
23
Let q(h) = -4*h - 13. Let o(n) = 2*n + 7. Let j(d) = -9*o(d) - 4*q(d). What is the remainder when j(-14) is divided by 5?
2
Let w be (-9)/3 - -4 - -27. Suppose -r = -w - 11. Let p = r + -23. What is the remainder when 61 is divided by p?
13
Suppose -8*p = p. Suppose 34 = w + z, -3*w + w - z = -69. Calculate the remainder when w is divided by (p - 0) + (12 - 0).
11
Calculate the remainder when (-444)/(-5) + 64/(-80) is divided by 30.
28
What is the remainder when (-6 - 36)*1/(-2) is divided by 12?
9
Let b(z) = -z**3 - 5*z**2 + 9*z - 4. Calculate the remainder when b(-9) is divided by 49.
43
Suppose -t = -1, -56*t - 101 = -n - 59*t. Calculate the remainder when 105 is divided by n.
7
Suppose -2*v = v + 3, 5*v - 1 = -3*a. Let j(c) = 20*c**3 + c**2 - 2*c + 1. Let s be j(1). Let q = s - 14. What is the remainder when q is divided by a?
0
Suppose 54 = k - 4*t, -3*t - 70 - 23 = -2*k. What is the remainder when 75 is divided by k?
33
Let n = 46 + -46. Suppose 11 = m + 2*t, m - t - 4*t + 10 = n. Calculate the remainder when m is divided by 3.
2
Let c(b) = 2*b - 16. Let d be c(11). Let s = d + -6. Suppose 2*n - 16 = -s*n. What is the remainder when 22 is divided by n?
6
Let j = -172 + 181. What is the remainder when j is divided by 2?
1
Suppose -14*x + 20*x = -48. Calculate the remainder when (740/x)/(6/(-12)) is divided by 47.
44
Suppose -62*n - 240 = -70*n. What is the remainder when n is divided by 11?
8
Suppose -88*o = -94*o + 210. What is the remainder when 172 is divided by o?
32
Let s(f) = f**2 + 2*f + 2. Let q(d) = -2*d**2 - 4*d - 5. Let o(w) = -3*q(w) - 7*s(w). Let a(c) = c + 11. What is the remainder when a(-9) is divided by o(0)?
0
Suppose 10*l = -l + 429. Calculate the remainder when l is divided by 15.
9
Let u be 16/32 - (-41)/2. Suppose -u*k + 24*k - 78 = 0. Calculate the remainder when k is divided by 9.
8
Let h = -173 - -239. Calculate the remainder when h is divided by 19.
9
Suppose 3*r - 8*r - 5*p + 115 = 0, 2*p - 86 = -4*r. Suppose 2*o + 0*o = 6. Suppose 10 = -o*q + 31. Calculate the remainder when r is divided by q.
6
Suppose 8 + 8 = 4*t. Let z = -1282 + 1286. What is the remainder when z is divided by t?
0
Suppose -p - 4*z = -445, 2*p = 3*z - 531 + 1399. What is the remainder when p is divided by 55?
52
Let t be (2/(-3))/(7/(-84)). Suppose -5*k = -4*f + 30, k + 0*k - 22 = -2*f. Calculate the remainder when 12/48 + 142/t is divided by f.
8
Let z = -456 + 502. What is the remainder when z is divided by (28/2 - 0) + 2?
14
Suppose -2*d - 8 = -5*a, -36 + 24 = 3*a - 4*d. Suppose 8 - 32 = -4*x. Calculate the remainder when x is divided by a.
2
Suppose -14*t = 892 - 4224. Calculate the remainder when t is divided by 60.
58
Suppose -13*o - 351 = -988. Suppose 4*j = -3*y + o, 4*y - 5*j - 29 + 5 = 0. What is the remainder when 86 is divided by y?
9
Suppose 4*j + 3*c = 188, -j + 152 = 2*j + 5*c. Calculate the remainder when j is divided by (-366)/(-24) - 2/8.
14
Let s = 204 - 182. What is the remainder when 195 is divided by s?
19
Let k(u) = 12*u**3 - u**2 + u - 1. Suppose 0 = -5*y + 17 + 13. What is the remainder when 172/y - (-20)/15 is divided by k(1)?
8
Calculate the remainder when 383 is divided by (-382)/(-8) - 34/(-136).
47
Let u be 6/(-39) - (-408)/(-52). Let b = u + 16. Let r = 54 - 32. What is the remainder when r is divided by b?
6
Suppose -g + 1 = -40. Let y = -27 + g. What is the remainder when 24 is divided by y?
10
Suppose 12*x + 165 - 525 = 0. Suppose 5*z - 59 - 35 = -p, 3*z + 4*p = 53. Calculate the remainder when x is divided by z.
11
Suppose 29*t - 3427 = 3301. Calculate the remainder when t is divided by 119.
113
Suppose 9232 = 66*v - 7862. What is the remainder when v is divided by 29?
27
Let v(s) = -3*s**2 - 3*s + 3. Let t(c) = 1. Let w(i) = -3*t(i) - v(i). Let b = -256 - -260. What is the remainder when w(b) is divided by 19?
16
Let s(h) = -5*h - 1. Let i be s(-1). Suppose -i*j - q + 2*q + 32 = 0, j + 5*q = 29. Let v = j + -1. What is the remainder when 31 is divided by v?
7
Let y(k) = -k**3 + 16*k**2 + k - 10. Let h be y(16). Let n = h - 2. What is the remainder when 20/(-2)*(1 - 2) is divided by n?
2
Let i = -572 - -598. Calculate the remainder when 96 is divided by i.
18
Let x be (-68)/(8/(-2)) - -3. Suppose -2*j - 2*p + 2 = 0, j - 4*p = -j + x. Suppose -j*a - a = -60. Calculate the remainder when a is divided by 7.
5
Let x(l) = -l**2 + 19*l + 8. Let q be x(7). Let m = -48 + q. What is the remainder when m is divided by 16?
12
Let k = 34 + -32. What is the remainder when (4 - (k - -1))*-2 + 42 is divided by 21?
19
Let p(v) = -2*v - 4. Let m be p(-3). Suppose 80 = 5*q + 11*q. Suppose -2 = m*c + o - 104, -q*o = 2*c - 86. Calculate the remainder when c is divided by 14.
11
Suppose 70 = -3*a + 373. Let l = -15 - -49. What is the remainder when a is divided by l?
33
Suppose -3*o = 4*u + 2 - 30, o - 5*u - 3 = 0. Calculate the remainder when o is divided by -3 + (19 - 7 - 7).
0
Let c(g) = -g**3 - 8*g**2 - 12*g. Suppose -3*f + b + 26 = 0, 4*f = b - 4*b + 39. Calculate the remainder when c(-7) is divided by f.
8
Suppose -3*z = 20*h - 24*h + 82, -36 = -2*h + 4*z. Let v be 0 - 3/((-6)/4). Suppose -v*p + 195 = p. What is the remainder when p is divided by h?
21
Suppose 0*o + o + 3*h = 27, 121 = 3*o - h. Suppose -3*q - 3 = -o. What is the remainder when 71 is divided by q?
11
Let l = 81 - 54. Let d = -2320 - -2373. What is the remainder when d is divided by l?
26
Let b(l) = l**2 - 2*l + 1. Let u be b(1). Let v be (60/(-45))/(4/(-6)). Suppose u*d = v*d - 50. Calculate the remainder when d is divided by 9.
7
Suppose 72 - 20 = n + 4*g, -124 = -3*n - 4*g. What 